{"id":15198,"date":"2024-05-17T09:57:31","date_gmt":"2024-05-17T09:57:31","guid":{"rendered":"https:\/\/joielec.com\/index.php\/about-2\/"},"modified":"2024-11-22T17:13:44","modified_gmt":"2024-11-22T16:13:44","slug":"electricien-joielec","status":"publish","type":"page","link":"https:\/\/joielec.com\/?page_id=15198","title":{"rendered":"A propos"},"content":{"rendered":"\t\t<div data-elementor-type=\"wp-page\" data-elementor-id=\"15198\" class=\"elementor elementor-15198\" data-elementor-post-type=\"page\">\n\t\t\t\t<div class=\"elementor-element elementor-element-0b88976 e-con-full e-flex e-con e-parent\" data-id=\"0b88976\" data-element_type=\"container\">\n\t\t<div class=\"elementor-element elementor-element-211478f e-flex e-con-boxed e-con e-child\" data-id=\"211478f\" data-element_type=\"container\">\n\t\t\t\t\t<div class=\"e-con-inner\">\n\t\t\t\t<div class=\"elementor-element elementor-element-d27ca74 elementor-widget elementor-widget-the7-heading\" data-id=\"d27ca74\" data-element_type=\"widget\" data-widget_type=\"the7-heading.default\">\n\t\t\t\t<div class=\"elementor-widget-container\">\n\t\t\t<h3 class=\"the7-heading-title elementor-size-default\">L'\u00e9lectricit\u00e9, c'est notre passion<\/h3>\t\t<\/div>\n\t\t\t\t<\/div>\n\t\t\t\t<div class=\"elementor-element elementor-element-b06e93f elementor-widget elementor-widget-global elementor-global-16758 elementor-widget-spacer\" data-id=\"b06e93f\" data-element_type=\"widget\" data-widget_type=\"spacer.default\">\n\t\t\t\t<div class=\"elementor-widget-container\">\n\t\t\t\t\t<div class=\"elementor-spacer\">\n\t\t\t<div class=\"elementor-spacer-inner\"><\/div>\n\t\t<\/div>\n\t\t\t\t<\/div>\n\t\t\t\t<\/div>\n\t\t\t\t\t<\/div>\n\t\t\t\t<\/div>\n\t\t<div class=\"elementor-element elementor-element-aceeffd e-flex e-con-boxed e-con e-child\" data-id=\"aceeffd\" data-element_type=\"container\">\n\t\t\t\t\t<div class=\"e-con-inner\">\n\t\t<div class=\"elementor-element elementor-element-bc9a351 e-con-full e-flex e-con e-child\" data-id=\"bc9a351\" data-element_type=\"container\" data-settings=\"{&quot;background_background&quot;:&quot;classic&quot;}\">\n\t\t<div class=\"elementor-element elementor-element-87d48a9 e-con-full e-flex e-con e-child\" data-id=\"87d48a9\" data-element_type=\"container\">\n\t\t\t\t<div class=\"elementor-element elementor-element-716fde9 elementor-widget-tablet__width-inherit elementor-widget elementor-widget-the7-heading\" data-id=\"716fde9\" data-element_type=\"widget\" data-widget_type=\"the7-heading.default\">\n\t\t\t\t<div class=\"elementor-widget-container\">\n\t\t\t<h3 class=\"the7-heading-title elementor-size-default\">Des solutions \u00e9lectriques pour un monde connect\u00e9 depuis 2022<\/h3>\t\t<\/div>\n\t\t\t\t<\/div>\n\t\t\t\t<div class=\"elementor-element elementor-element-831938e elementor-widget-tablet__width-inherit elementor-widget elementor-widget-text-editor\" data-id=\"831938e\" data-element_type=\"widget\" data-widget_type=\"text-editor.default\">\n\t\t\t\t<div class=\"elementor-widget-container\">\n\t\t\t\t\t\t\t<p>Chez Joie Elec, nous sommes fiers de mettre notre expertise au service de vos besoins \u00e9lectriques. Bas\u00e9s \u00e0 Clermont-Ferrand, nous offrons une gamme compl\u00e8te de services, allant de l\u2019installation \u00e0 la r\u00e9novation, en passant par le d\u00e9pannage rapide. Notre \u00e9quipe d\u2019\u00e9lectriciens qualifi\u00e9s s\u2019engage \u00e0 fournir des solutions s\u00fbres, conformes aux normes en vigueur, et adapt\u00e9es \u00e0 vos attentes. Avec un souci constant de la qualit\u00e9 et de la satisfaction client, Joie Elec est votre partenaire de confiance pour tous vos projets \u00e9lectriques. \u00c9clairons ensemble votre avenir !<\/p>\t\t\t\t\t\t<\/div>\n\t\t\t\t<\/div>\n\t\t<div class=\"elementor-element elementor-element-c1b8ca6 e-grid e-con-boxed e-con e-child\" data-id=\"c1b8ca6\" data-element_type=\"container\">\n\t\t\t\t\t<div class=\"e-con-inner\">\n\t\t<div class=\"elementor-element elementor-element-cded331 e-con-full e-flex e-con e-child\" data-id=\"cded331\" data-element_type=\"container\">\n\t\t\t\t<div class=\"elementor-element elementor-element-6524f4d elementor-widget elementor-widget-the7-heading\" data-id=\"6524f4d\" data-element_type=\"widget\" data-widget_type=\"the7-heading.default\">\n\t\t\t\t<div class=\"elementor-widget-container\">\n\t\t\t<h5 class=\"the7-heading-title elementor-size-default\">Forte<\/h5>\t\t<\/div>\n\t\t\t\t<\/div>\n\t\t\t\t<div class=\"elementor-element elementor-element-a22eca1 elementor-widget elementor-widget-the7-heading\" data-id=\"a22eca1\" data-element_type=\"widget\" data-widget_type=\"the7-heading.default\">\n\t\t\t\t<div class=\"elementor-widget-container\">\n\t\t\t<h5 class=\"the7-heading-title elementor-size-default\">Expertise\n\n\n\n\n\n<\/h5>\t\t<\/div>\n\t\t\t\t<\/div>\n\t\t\t\t<\/div>\n\t\t<div class=\"elementor-element elementor-element-890d0c9 e-con-full e-flex e-con e-child\" data-id=\"890d0c9\" data-element_type=\"container\">\n\t\t\t\t<div class=\"elementor-element elementor-element-1bd6f46 elementor-widget elementor-widget-the7-heading\" data-id=\"1bd6f46\" data-element_type=\"widget\" data-widget_type=\"the7-heading.default\">\n\t\t\t\t<div class=\"elementor-widget-container\">\n\t\t\t<h6 class=\"the7-heading-title elementor-size-default\">650+<\/h6>\t\t<\/div>\n\t\t\t\t<\/div>\n\t\t\t\t<div class=\"elementor-element elementor-element-90117c0 elementor-widget elementor-widget-the7-heading\" data-id=\"90117c0\" data-element_type=\"widget\" data-widget_type=\"the7-heading.default\">\n\t\t\t\t<div class=\"elementor-widget-container\">\n\t\t\t<h5 class=\"the7-heading-title elementor-size-default\">Projets r\u00e9alis\u00e9s<\/h5>\t\t<\/div>\n\t\t\t\t<\/div>\n\t\t\t\t<\/div>\n\t\t<div class=\"elementor-element elementor-element-8d95200 e-con-full e-flex e-con e-child\" data-id=\"8d95200\" data-element_type=\"container\">\n\t\t\t\t<div class=\"elementor-element elementor-element-78cdecc elementor-widget elementor-widget-the7-heading\" data-id=\"78cdecc\" data-element_type=\"widget\" data-widget_type=\"the7-heading.default\">\n\t\t\t\t<div class=\"elementor-widget-container\">\n\t\t\t<h6 class=\"the7-heading-title elementor-size-default\">Localit\u00e9s<\/h6>\t\t<\/div>\n\t\t\t\t<\/div>\n\t\t\t\t<div class=\"elementor-element elementor-element-4ee9c57 elementor-widget elementor-widget-the7-heading\" data-id=\"4ee9c57\" data-element_type=\"widget\" data-widget_type=\"the7-heading.default\">\n\t\t\t\t<div class=\"elementor-widget-container\">\n\t\t\t<h5 class=\"the7-heading-title elementor-size-default\">Puy-de-D\u00f4me et Allier<\/h5>\t\t<\/div>\n\t\t\t\t<\/div>\n\t\t\t\t<\/div>\n\t\t\t\t\t<\/div>\n\t\t\t\t<\/div>\n\t\t\t\t<\/div>\n\t\t\t\t<div class=\"elementor-element elementor-element-25c4682 elementor-widget__width-initial content-align-right the7-hover-visibility-disabled preserve-img-ratio-cover transform-overlay-yes exceeding-frame-yes elementor-widget elementor-widget-the7-image-widget\" data-id=\"25c4682\" data-element_type=\"widget\" data-settings=\"{&quot;hover_visibility&quot;:&quot;disabled&quot;}\" data-widget_type=\"the7-image-widget.default\">\n\t\t\t\t<div class=\"elementor-widget-container\">\n\t\t\t<div class=\"the7-image-container\"><div class=\"the7-image-wrapper the7-elementor-widget the7-transform-container\"><div class=\"post-thumbnail-rollover layzr-bg img-css-resize-wrapper\"><img fetchpriority=\"high\" decoding=\"async\" width=\"1500\" height=\"1500\" src=\"data:image\/svg+xml,%3Csvg%20xmlns%3D&#039;http%3A%2F%2Fwww.w3.org%2F2000%2Fsvg&#039;%20viewBox%3D&#039;0%200%201500%201500&#039;%2F%3E\" class=\"attachment-full size-full preload-me aspect lazy lazy-load\" alt=\"\" sizes=\"(max-width: 1500px) 100vw, 1500px\" style=\"--ratio: 1500 \/ 1500;\" data-src=\"https:\/\/joielec.com\/wp-content\/uploads\/2024\/06\/3d024.jpg\" loading=\"eager\" data-srcset=\"https:\/\/joielec.com\/wp-content\/uploads\/2024\/06\/3d024.jpg 1500w, https:\/\/joielec.com\/wp-content\/uploads\/2024\/06\/3d024-300x300.jpg 300w, https:\/\/joielec.com\/wp-content\/uploads\/2024\/06\/3d024-1024x1024.jpg 1024w, https:\/\/joielec.com\/wp-content\/uploads\/2024\/06\/3d024-150x150.jpg 150w, https:\/\/joielec.com\/wp-content\/uploads\/2024\/06\/3d024-768x768.jpg 768w\" \/><\/div><\/div><\/div>\t\t<\/div>\n\t\t\t\t<\/div>\n\t\t\t\t<\/div>\n\t\t\t\t\t<\/div>\n\t\t\t\t<\/div>\n\t\t\t\t<\/div>\n\t\t<div class=\"elementor-element elementor-element-24001c28 e-con-full e-flex e-con e-child\" data-id=\"24001c28\" data-element_type=\"container\">\n\t\t\t\t<div class=\"elementor-element elementor-element-1bd9217c elementor-widget__width-initial content-align-left the7-hover-visibility-disabled preserve-img-ratio-cover transform-overlay-yes exceeding-frame-yes elementor-widget elementor-widget-the7-image-widget\" data-id=\"1bd9217c\" data-element_type=\"widget\" data-settings=\"{&quot;hover_visibility&quot;:&quot;disabled&quot;}\" data-widget_type=\"the7-image-widget.default\">\n\t\t\t\t<div class=\"elementor-widget-container\">\n\t\t\t<div class=\"the7-image-container\"><div class=\"the7-image-wrapper the7-elementor-widget the7-transform-container\"><div class=\"post-thumbnail-rollover layzr-bg img-css-resize-wrapper\"><img decoding=\"async\" width=\"2560\" height=\"1704\" src=\"data:image\/svg+xml,%3Csvg%20xmlns%3D&#039;http%3A%2F%2Fwww.w3.org%2F2000%2Fsvg&#039;%20viewBox%3D&#039;0%200%202560%201704&#039;%2F%3E\" class=\"attachment-full size-full preload-me aspect lazy lazy-load\" alt=\"\" sizes=\"(max-width: 2560px) 100vw, 2560px\" style=\"--ratio: 2560 \/ 1704;\" data-src=\"https:\/\/joielec.com\/wp-content\/uploads\/2024\/06\/pexels-pixabay-257736-scaled.jpg\" loading=\"eager\" data-srcset=\"https:\/\/joielec.com\/wp-content\/uploads\/2024\/06\/pexels-pixabay-257736-scaled.jpg 2560w, https:\/\/joielec.com\/wp-content\/uploads\/2024\/06\/pexels-pixabay-257736-300x200.jpg 300w, https:\/\/joielec.com\/wp-content\/uploads\/2024\/06\/pexels-pixabay-257736-1024x682.jpg 1024w, https:\/\/joielec.com\/wp-content\/uploads\/2024\/06\/pexels-pixabay-257736-768x511.jpg 768w, https:\/\/joielec.com\/wp-content\/uploads\/2024\/06\/pexels-pixabay-257736-1536x1022.jpg 1536w, https:\/\/joielec.com\/wp-content\/uploads\/2024\/06\/pexels-pixabay-257736-2048x1363.jpg 2048w\" \/><\/div><\/div><\/div>\t\t<\/div>\n\t\t\t\t<\/div>\n\t\t<div class=\"elementor-element elementor-element-43fd24a e-con-full e-flex e-con e-child\" data-id=\"43fd24a\" data-element_type=\"container\">\n\t\t\t\t<div class=\"elementor-element elementor-element-2cbb7015 elementor-widget-tablet__width-inherit elementor-widget elementor-widget-the7-heading\" data-id=\"2cbb7015\" data-element_type=\"widget\" data-widget_type=\"the7-heading.default\">\n\t\t\t\t<div class=\"elementor-widget-container\">\n\t\t\t<h3 class=\"the7-heading-title elementor-size-default\">Votre \u00e9lectricien de proximit\u00e9, o\u00f9 que vous soyez autour de Clermont-Ferrand<\/h3>\t\t<\/div>\n\t\t\t\t<\/div>\n\t\t\t\t<div class=\"elementor-element elementor-element-2b1a0123 elementor-widget-tablet__width-inherit elementor-widget elementor-widget-text-editor\" data-id=\"2b1a0123\" data-element_type=\"widget\" data-widget_type=\"text-editor.default\">\n\t\t\t\t<div class=\"elementor-widget-container\">\n\t\t\t\t\t\t\t<p data-pm-slice=\"0 0 []\">Chez <strong>Joie Elec<\/strong>, nous valorisons la proximit\u00e9 avec nos clients en offrant un service complet dans <strong>tous les d\u00e9partements du Puy-de-D\u00f4me et de l&#8217;Allier<\/strong>.\u00a0<\/p><p data-pm-slice=\"0 0 []\">Vous pouvez compter sur <strong>Joie Elec<\/strong> pour un service rapide, fiable et de qualit\u00e9.<\/p><ul><li>Blanzat, C\u00e9bazat, Gerzat, M\u00e9n\u00e9trol, Mozac, Riom<\/li><li>Aulnat, Lempdes, Cournon-d\u2019Auvergne, Pont-du-Ch\u00e2teau, Vertaizon, Billom<\/li><li>Beaumont, Ceyrat, Romagnat, Saint-Gen\u00e8s-Champanelle, Le Crest, Veyre-Monton<\/li><li>Chamali\u00e8res, Durtol, Orcines, Royat, Saint-Amant-Tallende, La Roche-Blanche<\/li><\/ul><p>Vichy et ses alentours<\/p><p>Lyon, Saint-Etienne et toute l\u2019auvergne Rh\u00f4ne alpes<\/p>\t\t\t\t\t\t<\/div>\n\t\t\t\t<\/div>\n\t\t\t\t<\/div>\n\t\t\t\t<\/div>\n\t\t<div class=\"elementor-element elementor-element-bdc2917 e-flex e-con-boxed e-con e-parent\" data-id=\"bdc2917\" data-element_type=\"container\">\n\t\t\t\t\t<div class=\"e-con-inner\">\n\t\t<div class=\"elementor-element elementor-element-08b9b78 e-con-full e-flex e-con e-child\" data-id=\"08b9b78\" data-element_type=\"container\" data-settings=\"{&quot;background_background&quot;:&quot;classic&quot;}\">\n\t\t<div class=\"elementor-element elementor-element-3616015 e-con-full e-flex e-con e-child\" data-id=\"3616015\" data-element_type=\"container\">\n\t\t\t\t<div class=\"elementor-element elementor-element-c9ab65e elementor-widget-tablet__width-inherit elementor-widget elementor-widget-the7-heading\" data-id=\"c9ab65e\" data-element_type=\"widget\" data-widget_type=\"the7-heading.default\">\n\t\t\t\t<div class=\"elementor-widget-container\">\n\t\t\t<h3 class=\"the7-heading-title elementor-size-default\">Nos Valeurs<\/h3>\t\t<\/div>\n\t\t\t\t<\/div>\n\t\t\t\t<div class=\"elementor-element elementor-element-7dc71b0 elementor-widget-tablet__width-inherit elementor-widget elementor-widget-text-editor\" data-id=\"7dc71b0\" data-element_type=\"widget\" data-widget_type=\"text-editor.default\">\n\t\t\t\t<div class=\"elementor-widget-container\">\n\t\t\t\t\t\t\t<p>Chez Joie Elec, nous croyons en l&#8217;int\u00e9grit\u00e9, la satisfaction client, et l&#8217;excellence. Nous nous engageons \u00e0 fournir des solutions fiables et innovantes tout en agissant de mani\u00e8re responsable envers notre environnement. Votre confiance est notre priorit\u00e9.<\/p>\t\t\t\t\t\t<\/div>\n\t\t\t\t<\/div>\n\t\t\t\t<div class=\"elementor-element elementor-element-0ded7b7 elementor-icon-list--layout-traditional elementor-list-item-link-full_width elementor-widget elementor-widget-icon-list\" data-id=\"0ded7b7\" data-element_type=\"widget\" data-widget_type=\"icon-list.default\">\n\t\t\t\t<div class=\"elementor-widget-container\">\n\t\t\t\t\t<ul class=\"elementor-icon-list-items\">\n\t\t\t\t\t\t\t<li class=\"elementor-icon-list-item\">\n\t\t\t\t\t\t\t\t\t\t\t<span class=\"elementor-icon-list-icon\">\n\t\t\t\t\t\t\t<svg xmlns=\"http:\/\/www.w3.org\/2000\/svg\" viewBox=\"0 0 24 24\" width=\"48\" height=\"48\" fill=\"currentColor\"><path d=\"M16.1716 10.9999L10.8076 5.63589L12.2218 4.22168L20 11.9999L12.2218 19.778L10.8076 18.3638L16.1716 12.9999H4V10.9999H16.1716Z\"><\/path><\/svg>\t\t\t\t\t\t<\/span>\n\t\t\t\t\t\t\t\t\t\t<span class=\"elementor-icon-list-text\">100% de satisfaction client est notre priorit\u00e9<\/span>\n\t\t\t\t\t\t\t\t\t<\/li>\n\t\t\t\t\t\t\t\t<li class=\"elementor-icon-list-item\">\n\t\t\t\t\t\t\t\t\t\t\t<span class=\"elementor-icon-list-icon\">\n\t\t\t\t\t\t\t<svg xmlns=\"http:\/\/www.w3.org\/2000\/svg\" viewBox=\"0 0 24 24\" width=\"48\" height=\"48\" fill=\"currentColor\"><path d=\"M16.1716 10.9999L10.8076 5.63589L12.2218 4.22168L20 11.9999L12.2218 19.778L10.8076 18.3638L16.1716 12.9999H4V10.9999H16.1716Z\"><\/path><\/svg>\t\t\t\t\t\t<\/span>\n\t\t\t\t\t\t\t\t\t\t<span class=\"elementor-icon-list-text\">Mise en place des meilleures solutions <\/span>\n\t\t\t\t\t\t\t\t\t<\/li>\n\t\t\t\t\t\t\t\t<li class=\"elementor-icon-list-item\">\n\t\t\t\t\t\t\t\t\t\t\t<span class=\"elementor-icon-list-icon\">\n\t\t\t\t\t\t\t<svg xmlns=\"http:\/\/www.w3.org\/2000\/svg\" viewBox=\"0 0 24 24\" width=\"48\" height=\"48\" fill=\"currentColor\"><path d=\"M16.1716 10.9999L10.8076 5.63589L12.2218 4.22168L20 11.9999L12.2218 19.778L10.8076 18.3638L16.1716 12.9999H4V10.9999H16.1716Z\"><\/path><\/svg>\t\t\t\t\t\t<\/span>\n\t\t\t\t\t\t\t\t\t\t<span class=\"elementor-icon-list-text\">A l'\u00e9coute de nos clients<\/span>\n\t\t\t\t\t\t\t\t\t<\/li>\n\t\t\t\t\t\t\t\t<li class=\"elementor-icon-list-item\">\n\t\t\t\t\t\t\t\t\t\t\t<span class=\"elementor-icon-list-icon\">\n\t\t\t\t\t\t\t<svg xmlns=\"http:\/\/www.w3.org\/2000\/svg\" viewBox=\"0 0 24 24\" width=\"48\" height=\"48\" fill=\"currentColor\"><path d=\"M16.1716 10.9999L10.8076 5.63589L12.2218 4.22168L20 11.9999L12.2218 19.778L10.8076 18.3638L16.1716 12.9999H4V10.9999H16.1716Z\"><\/path><\/svg>\t\t\t\t\t\t<\/span>\n\t\t\t\t\t\t\t\t\t\t<span class=\"elementor-icon-list-text\">Collaboration avec des experts de premier plan<\/span>\n\t\t\t\t\t\t\t\t\t<\/li>\n\t\t\t\t\t\t<\/ul>\n\t\t\t\t<\/div>\n\t\t\t\t<\/div>\n\t\t\t\t<\/div>\n\t\t\t\t<div class=\"elementor-element elementor-element-300a308 elementor-widget__width-initial content-align-right the7-hover-visibility-disabled preserve-img-ratio-cover transform-overlay-yes exceeding-frame-yes elementor-widget elementor-widget-the7-image-widget\" data-id=\"300a308\" data-element_type=\"widget\" data-settings=\"{&quot;hover_visibility&quot;:&quot;disabled&quot;}\" data-widget_type=\"the7-image-widget.default\">\n\t\t\t\t<div class=\"elementor-widget-container\">\n\t\t\t<div class=\"the7-image-container\"><div class=\"the7-image-wrapper the7-elementor-widget the7-transform-container\"><div class=\"post-thumbnail-rollover layzr-bg img-css-resize-wrapper\"><img decoding=\"async\" width=\"1440\" height=\"2560\" src=\"data:image\/svg+xml,%3Csvg%20xmlns%3D&#039;http%3A%2F%2Fwww.w3.org%2F2000%2Fsvg&#039;%20viewBox%3D&#039;0%200%201440%202560&#039;%2F%3E\" class=\"attachment-full size-full preload-me aspect lazy lazy-load\" alt=\"\" sizes=\"(max-width: 1440px) 100vw, 1440px\" style=\"--ratio: 1440 \/ 2560;\" data-src=\"https:\/\/joielec.com\/wp-content\/uploads\/2024\/06\/pexels-bedirdalbay-28862156-scaled.jpg\" loading=\"eager\" data-srcset=\"https:\/\/joielec.com\/wp-content\/uploads\/2024\/06\/pexels-bedirdalbay-28862156-scaled.jpg 1440w, https:\/\/joielec.com\/wp-content\/uploads\/2024\/06\/pexels-bedirdalbay-28862156-169x300.jpg 169w, https:\/\/joielec.com\/wp-content\/uploads\/2024\/06\/pexels-bedirdalbay-28862156-576x1024.jpg 576w, https:\/\/joielec.com\/wp-content\/uploads\/2024\/06\/pexels-bedirdalbay-28862156-768x1366.jpg 768w, https:\/\/joielec.com\/wp-content\/uploads\/2024\/06\/pexels-bedirdalbay-28862156-864x1536.jpg 864w, https:\/\/joielec.com\/wp-content\/uploads\/2024\/06\/pexels-bedirdalbay-28862156-1152x2048.jpg 1152w\" \/><\/div><\/div><\/div>\t\t<\/div>\n\t\t\t\t<\/div>\n\t\t\t\t<\/div>\n\t\t\t\t\t<\/div>\n\t\t\t\t<\/div>\n\t\t\t\t<\/div>\n\t\t","protected":false},"excerpt":{"rendered":"<p>L&#8217;\u00e9lectricit\u00e9, c&#8217;est notre passion Des solutions \u00e9lectriques pour un monde connect\u00e9 depuis 2022 Chez Joie Elec, nous sommes fiers de mettre notre expertise au service de vos besoins \u00e9lectriques. Bas\u00e9s \u00e0 Clermont-Ferrand, nous offrons une gamme compl\u00e8te de services, allant de l\u2019installation \u00e0 la r\u00e9novation, en passant par le d\u00e9pannage rapide. Notre \u00e9quipe d\u2019\u00e9lectriciens qualifi\u00e9s&hellip;<\/p>\n","protected":false},"author":1,"featured_media":0,"parent":0,"menu_order":5,"comment_status":"closed","ping_status":"closed","template":"","meta":{"footnotes":""},"class_list":["post-15198","page","type-page","status-publish","hentry"],"yoast_head":"<!-- This site is optimized with the Yoast SEO plugin v23.9 - https:\/\/yoast.com\/wordpress\/plugins\/seo\/ -->\n<title>A propos - Joie Elec<\/title>\n<meta name=\"description\" content=\"Nous sommes sp\u00e9cialistes de l&#039;installation, du d\u00e9pannage et des solutions \u00e9lectriques \u00e0 Clermont-Ferrand et dans ses environs.\" \/>\n<meta name=\"robots\" content=\"index, follow, max-snippet:-1, max-image-preview:large, max-video-preview:-1\" \/>\n<link rel=\"canonical\" href=\"https:\/\/joielec.com\/?page_id=15198\" \/>\n<meta property=\"og:locale\" content=\"en_US\" \/>\n<meta property=\"og:type\" content=\"article\" \/>\n<meta property=\"og:title\" content=\"A propos - Joie Elec\" \/>\n<meta property=\"og:description\" content=\"Nous sommes sp\u00e9cialistes de l&#039;installation, du d\u00e9pannage et des solutions \u00e9lectriques \u00e0 Clermont-Ferrand et dans ses environs.\" \/>\n<meta property=\"og:url\" content=\"https:\/\/joielec.com\/?page_id=15198\" \/>\n<meta property=\"og:site_name\" content=\"Joie Elec\" \/>\n<meta property=\"article:modified_time\" content=\"2024-11-22T16:13:44+00:00\" \/>\n<meta property=\"og:image\" content=\"https:\/\/joielec.com\/wp-content\/uploads\/2024\/10\/cropped-1.png\" \/>\n\t<meta property=\"og:image:width\" content=\"512\" \/>\n\t<meta property=\"og:image:height\" content=\"512\" \/>\n\t<meta property=\"og:image:type\" content=\"image\/png\" \/>\n<meta name=\"twitter:card\" content=\"summary_large_image\" \/>\n<meta name=\"twitter:label1\" content=\"Est. reading time\" \/>\n\t<meta name=\"twitter:data1\" content=\"2 minutes\" \/>\n<script type=\"application\/ld+json\" class=\"yoast-schema-graph\">{\"@context\":\"https:\/\/schema.org\",\"@graph\":[{\"@type\":\"WebPage\",\"@id\":\"https:\/\/joielec.com\/?page_id=15198\",\"url\":\"https:\/\/joielec.com\/?page_id=15198\",\"name\":\"A propos - Joie Elec\",\"isPartOf\":{\"@id\":\"https:\/\/joielec.com\/#website\"},\"datePublished\":\"2024-05-17T09:57:31+00:00\",\"dateModified\":\"2024-11-22T16:13:44+00:00\",\"description\":\"Nous sommes sp\u00e9cialistes de l'installation, du d\u00e9pannage et des solutions \u00e9lectriques \u00e0 Clermont-Ferrand et dans ses environs.\",\"breadcrumb\":{\"@id\":\"https:\/\/joielec.com\/?page_id=15198#breadcrumb\"},\"inLanguage\":\"en-US\",\"potentialAction\":[{\"@type\":\"ReadAction\",\"target\":[\"https:\/\/joielec.com\/?page_id=15198\"]}]},{\"@type\":\"BreadcrumbList\",\"@id\":\"https:\/\/joielec.com\/?page_id=15198#breadcrumb\",\"itemListElement\":[{\"@type\":\"ListItem\",\"position\":1,\"name\":\"Accueil\",\"item\":\"https:\/\/joielec.com\/\"},{\"@type\":\"ListItem\",\"position\":2,\"name\":\"A propos\"}]},{\"@type\":\"WebSite\",\"@id\":\"https:\/\/joielec.com\/#website\",\"url\":\"https:\/\/joielec.com\/\",\"name\":\"Joie Elec\",\"description\":\"Services d&#039;Electricite pour Particuliers et Professionnels \u00e0 Clermont-Ferrand\",\"publisher\":{\"@id\":\"https:\/\/joielec.com\/#organization\"},\"alternateName\":\"Joie Elec\",\"potentialAction\":[{\"@type\":\"SearchAction\",\"target\":{\"@type\":\"EntryPoint\",\"urlTemplate\":\"https:\/\/joielec.com\/?s={search_term_string}\"},\"query-input\":{\"@type\":\"PropertyValueSpecification\",\"valueRequired\":true,\"valueName\":\"search_term_string\"}}],\"inLanguage\":\"en-US\"},{\"@type\":\"Organization\",\"@id\":\"https:\/\/joielec.com\/#organization\",\"name\":\"Joie Elec\",\"url\":\"https:\/\/joielec.com\/\",\"logo\":{\"@type\":\"ImageObject\",\"inLanguage\":\"en-US\",\"@id\":\"https:\/\/joielec.com\/#\/schema\/logo\/image\/\",\"url\":\"http:\/\/joielec.com\/wp-content\/uploads\/2024\/10\/cropped-1.png\",\"contentUrl\":\"http:\/\/joielec.com\/wp-content\/uploads\/2024\/10\/cropped-1.png\",\"width\":512,\"height\":512,\"caption\":\"Joie Elec\"},\"image\":{\"@id\":\"https:\/\/joielec.com\/#\/schema\/logo\/image\/\"}}]}<\/script>\n<!-- \/ Yoast SEO plugin. -->","yoast_head_json":{"title":"A propos - Joie Elec","description":"Nous sommes sp\u00e9cialistes de l'installation, du d\u00e9pannage et des solutions \u00e9lectriques \u00e0 Clermont-Ferrand et dans ses environs.","robots":{"index":"index","follow":"follow","max-snippet":"max-snippet:-1","max-image-preview":"max-image-preview:large","max-video-preview":"max-video-preview:-1"},"canonical":"https:\/\/joielec.com\/?page_id=15198","og_locale":"en_US","og_type":"article","og_title":"A propos - Joie Elec","og_description":"Nous sommes sp\u00e9cialistes de l'installation, du d\u00e9pannage et des solutions \u00e9lectriques \u00e0 Clermont-Ferrand et dans ses environs.","og_url":"https:\/\/joielec.com\/?page_id=15198","og_site_name":"Joie Elec","article_modified_time":"2024-11-22T16:13:44+00:00","og_image":[{"width":512,"height":512,"url":"https:\/\/joielec.com\/wp-content\/uploads\/2024\/10\/cropped-1.png","type":"image\/png"}],"twitter_card":"summary_large_image","twitter_misc":{"Est. reading time":"2 minutes"},"schema":{"@context":"https:\/\/schema.org","@graph":[{"@type":"WebPage","@id":"https:\/\/joielec.com\/?page_id=15198","url":"https:\/\/joielec.com\/?page_id=15198","name":"A propos - Joie Elec","isPartOf":{"@id":"https:\/\/joielec.com\/#website"},"datePublished":"2024-05-17T09:57:31+00:00","dateModified":"2024-11-22T16:13:44+00:00","description":"Nous sommes sp\u00e9cialistes de l'installation, du d\u00e9pannage et des solutions \u00e9lectriques \u00e0 Clermont-Ferrand et dans ses environs.","breadcrumb":{"@id":"https:\/\/joielec.com\/?page_id=15198#breadcrumb"},"inLanguage":"en-US","potentialAction":[{"@type":"ReadAction","target":["https:\/\/joielec.com\/?page_id=15198"]}]},{"@type":"BreadcrumbList","@id":"https:\/\/joielec.com\/?page_id=15198#breadcrumb","itemListElement":[{"@type":"ListItem","position":1,"name":"Accueil","item":"https:\/\/joielec.com\/"},{"@type":"ListItem","position":2,"name":"A propos"}]},{"@type":"WebSite","@id":"https:\/\/joielec.com\/#website","url":"https:\/\/joielec.com\/","name":"Joie Elec","description":"Services d&#039;Electricite pour Particuliers et Professionnels \u00e0 Clermont-Ferrand","publisher":{"@id":"https:\/\/joielec.com\/#organization"},"alternateName":"Joie Elec","potentialAction":[{"@type":"SearchAction","target":{"@type":"EntryPoint","urlTemplate":"https:\/\/joielec.com\/?s={search_term_string}"},"query-input":{"@type":"PropertyValueSpecification","valueRequired":true,"valueName":"search_term_string"}}],"inLanguage":"en-US"},{"@type":"Organization","@id":"https:\/\/joielec.com\/#organization","name":"Joie Elec","url":"https:\/\/joielec.com\/","logo":{"@type":"ImageObject","inLanguage":"en-US","@id":"https:\/\/joielec.com\/#\/schema\/logo\/image\/","url":"http:\/\/joielec.com\/wp-content\/uploads\/2024\/10\/cropped-1.png","contentUrl":"http:\/\/joielec.com\/wp-content\/uploads\/2024\/10\/cropped-1.png","width":512,"height":512,"caption":"Joie Elec"},"image":{"@id":"https:\/\/joielec.com\/#\/schema\/logo\/image\/"}}]}},"_links":{"self":[{"href":"https:\/\/joielec.com\/index.php?rest_route=\/wp\/v2\/pages\/15198","targetHints":{"allow":["GET"]}}],"collection":[{"href":"https:\/\/joielec.com\/index.php?rest_route=\/wp\/v2\/pages"}],"about":[{"href":"https:\/\/joielec.com\/index.php?rest_route=\/wp\/v2\/types\/page"}],"author":[{"embeddable":true,"href":"https:\/\/joielec.com\/index.php?rest_route=\/wp\/v2\/users\/1"}],"replies":[{"embeddable":true,"href":"https:\/\/joielec.com\/index.php?rest_route=%2Fwp%2Fv2%2Fcomments&post=15198"}],"version-history":[{"count":34,"href":"https:\/\/joielec.com\/index.php?rest_route=\/wp\/v2\/pages\/15198\/revisions"}],"predecessor-version":[{"id":20076,"href":"https:\/\/joielec.com\/index.php?rest_route=\/wp\/v2\/pages\/15198\/revisions\/20076"}],"wp:attachment":[{"href":"https:\/\/joielec.com\/index.php?rest_route=%2Fwp%2Fv2%2Fmedia&parent=15198"}],"curies":[{"name":"wp","href":"https:\/\/api.w.org\/{rel}","templated":true}]}}